{"id":5581,"date":"2022-11-08T16:21:18","date_gmt":"2022-11-08T21:21:18","guid":{"rendered":"https:\/\/importcruz.com\/?post_type=product&#038;p=5581"},"modified":"2023-01-09T08:44:18","modified_gmt":"2023-01-09T13:44:18","slug":"ntg50aaab-bn","status":"publish","type":"product","link":"https:\/\/importcruz.com\/index.php\/product\/ntg50aaab-bn\/","title":{"rendered":"NTG50AAAB-BN"},"content":{"rendered":"<p><strong>CARACTER\u00cdSTICAS: <\/strong>Son livianas y port\u00e1tiles \/ Su estructura es fijada con abrazaderas \/ Descarga superior para \u00e1reas dif\u00edciles\/ Eje de acero que conecta a los diafragmas\/ V\u00e1lvula de Aire cl\u00e1sica tipo Transflo-Turbo \/ Certificaciones Atex a prueba de atm\u00f3sferas explosivas.<\/p>\n<p><strong>DATO DEL RENDIMIENTO: <\/strong>A nivel promedio de operaci\u00f3n la bomba 266.0-<strong>N<\/strong>TG50 tiene <strong>un flujo de 84 GPM<\/strong> <em>(su caudal max. es 163 GPM)<\/em>, usando <strong>50 CFMs<\/strong>(*) de aire cuando corre a una presi\u00f3n de entrada de aire de 60 PSI y a <strong>30 PSI<\/strong> de presi\u00f3n de descarga, estimar esto en la curva de desempe\u00f1o de la p\u00e1g.5 del \u201cManual de Operaci\u00f3n Nomad\u201d de cada bomba.<\/p>\n<p><em>\u00a0(*) Un Compresor entrega unos 4 CFMs por cada HP -y- teniendo un tanque-reservorio, este modelo <\/em>185.0- <strong>N<\/strong>TG50 <em>necesitar\u00eda de un compresor de 15Hp\/20Hp. <\/em><\/p>\n<p><em>Cada Bomba Nomad Met\u00e1lica <strong>deber\u00e1 operar con <\/strong>una Unidad de Mantenimiento: M\u00f3dulo Filtro\/<strong>Regulador<\/strong> y M\u00f3dulo Lubricador\u201d para cuidar la vida \u00fatil de la <strong>v\u00e1lvula de aire<\/strong>, que hace las veces de \u201c<strong>motor<\/strong>\u201d en las bombas neum\u00e1ticas de diafragmas.\u00a0 Recuerde que la presi\u00f3n de aire no debe ser mayor a los 125 PSI (8.6 Bar) porque se romper\u00e1n los diafragmas. <\/em><\/p>\n","protected":false},"excerpt":{"rendered":"<p><a href=\"https:\/\/importcruz.com\/wp-content\/uploads\/2022\/11\/DESCARGAR_Nomad_TrFlo_NTG50-AAAB-AlumCauchoNeopreno.pdf\">DESCARGAR_Nomad_TrFlo_NTG50 AAAB-Alum+Caucho=Neopreno<\/a><\/p>\n<p>Las <strong>BOMBAS NOMAD MET\u00c1LICAS<\/strong> est\u00e1n dise\u00f1adas para desempe\u00f1arse en aplicaciones exigentes y son reconocidas como bombas de demanda a pedido \u2013o- intermitentes. Nomad debe estar en sus traslados de fluidos medianamente abrasivos y con s\u00f3lidos en suspensi\u00f3n.<\/p>\n<p>Las tres opciones de <strong>construcci\u00f3n met\u00e1lica<\/strong>, como los varios <strong>materiales<\/strong> (<em>cauchos \u2013 elast\u00f3meros, termopl\u00e1sticos y PTFE<\/em>) disponibles para diafragmas, v\u00e1lvulas check y para el sistema de aire permiten a Nomad cumplir con altos est\u00e1ndares de fabricaci\u00f3n; y, garantizar una superior calidad en atenci\u00f3n a la temperatura, compatibilidad qu\u00edmica, flexibilidad y resistencia a la abrasi\u00f3n.<\/p>\n","protected":false},"featured_media":5582,"template":"","meta":{"_joinchat":[]},"etheme_brands":[{"term_id":54,"name":"Bombas Met\u00e1licas","slug":"bombas-metalicas-nomad","term_group":0,"term_taxonomy_id":54,"taxonomy":"brand","description":"","parent":41,"count":7,"filter":"raw"},{"term_id":41,"name":"NOMAD","slug":"nomad","term_group":0,"term_taxonomy_id":41,"taxonomy":"brand","description":"","parent":0,"count":12,"filter":"raw"}],"product_cat":[38],"product_tag":[],"class_list":["post-5581","product","type-product","status-publish","has-post-thumbnail","hentry","brand-bombas-metalicas-nomad","brand-nomad","product_cat-nomad"],"_links":{"self":[{"href":"https:\/\/importcruz.com\/index.php\/wp-json\/wp\/v2\/product\/5581"}],"collection":[{"href":"https:\/\/importcruz.com\/index.php\/wp-json\/wp\/v2\/product"}],"about":[{"href":"https:\/\/importcruz.com\/index.php\/wp-json\/wp\/v2\/types\/product"}],"wp:featuredmedia":[{"embeddable":true,"href":"https:\/\/importcruz.com\/index.php\/wp-json\/wp\/v2\/media\/5582"}],"wp:attachment":[{"href":"https:\/\/importcruz.com\/index.php\/wp-json\/wp\/v2\/media?parent=5581"}],"wp:term":[{"taxonomy":"brand","embeddable":true,"href":"https:\/\/importcruz.com\/index.php\/wp-json\/wp\/v2\/etheme_brands?post=5581"},{"taxonomy":"product_cat","embeddable":true,"href":"https:\/\/importcruz.com\/index.php\/wp-json\/wp\/v2\/product_cat?post=5581"},{"taxonomy":"product_tag","embeddable":true,"href":"https:\/\/importcruz.com\/index.php\/wp-json\/wp\/v2\/product_tag?post=5581"}],"curies":[{"name":"wp","href":"https:\/\/api.w.org\/{rel}","templated":true}]}}