{"id":5206,"date":"2022-09-15T02:33:52","date_gmt":"2022-09-15T02:33:52","guid":{"rendered":"https:\/\/importcruz.com\/?post_type=product&#038;p=5206"},"modified":"2023-01-09T07:14:19","modified_gmt":"2023-01-09T12:14:19","slug":"hp10-w1ans","status":"publish","type":"product","link":"https:\/\/importcruz.com\/index.php\/product\/hp10-w1ans\/","title":{"rendered":"HP10-W1ANS"},"content":{"rendered":"<p>Es la l\u00ednea m\u00e1s completa de alta presi\u00f3n en la industria de bombas. Al usar <strong>dos c\u00e1maras de aire<\/strong> para duplicar la cantidad de aire por pulsaci\u00f3n, tenemos opciones en tama\u00f1o, presi\u00f3n, caudales, materiales de construcci\u00f3n y funcionalidad. Una vez instaladas usted disfrutar\u00e1 de gran confiabilidad. Tenemos sistemas de v\u00e1lvulas de aire sin estancamiento, sin formaci\u00f3n de hielo, ni costosas fugas de aire y ayudan a extender la vida de su bomba.\u00a0 <em>Adem\u00e1s, operan suavemente con menor vibraci\u00f3n y desgaste \/ Construcci\u00f3n con pernos para mayor integridad \/ La bomba de alta presi\u00f3n puede detenerse sin crear da\u00f1os con la impulsi\u00f3n cerrada (deadhead) \/ Tiene re-arranque autom\u00e1tico cuando se reabre la impulsi\u00f3n. C<\/em>ontamos con la versi\u00f3n europea en nuestra marca-pionera: \u00a0Blagdon UK (en Irlanda) \u00a0<strong>Blagdon<\/strong> <strong>B25<\/strong> (1\u201d 30 GPM)<\/p>\n","protected":false},"excerpt":{"rendered":"<p><a href=\"https:\/\/importcruz.com\/wp-content\/uploads\/2022\/09\/DESCARGAR_Sandpiper_HP10-W1AN-1pulg.pdf\">DESCARGAR_Sandpiper_HP10-W1AN 1pulg<\/a><\/p>\n<p>Para bombeo de alta presi\u00f3n se necesita una bomba neum\u00e1tica de doble diafragma de m\u00e1s potencia. All\u00ed se hace cargo la l\u00ednea <strong>H<\/strong>igh <strong>P<\/strong>ressure <strong>HP<\/strong> que opera a <strong>235 PSI<\/strong> (16 Bar) vs los 125 PSI de una bomba de presi\u00f3n est\u00e1ndar ya que rinde muy bien <strong>en cualquier aplicaci\u00f3n <\/strong>donde la presi\u00f3n es esencial y la velocidad de flujo es un problema: Usos t\u00edpicos: <strong>La alimentaci\u00f3n Filtro-prensa<\/strong>; minas de deshidrataci\u00f3n; <strong>transferencia de lodos<\/strong>; y descargas a alta presi\u00f3n.<\/p>\n","protected":false},"featured_media":5207,"template":"","meta":{"_joinchat":[]},"etheme_brands":[{"term_id":51,"name":"Bombas Especialidades","slug":"bombas-especialidades","term_group":0,"term_taxonomy_id":51,"taxonomy":"brand","description":"","parent":37,"count":7,"filter":"raw"},{"term_id":37,"name":"SANDPIPER","slug":"sandpiper","term_group":0,"term_taxonomy_id":37,"taxonomy":"brand","description":"","parent":0,"count":28,"filter":"raw"}],"product_cat":[36],"product_tag":[],"class_list":["post-5206","product","type-product","status-publish","has-post-thumbnail","hentry","brand-bombas-especialidades","brand-sandpiper","product_cat-sandpiper"],"_links":{"self":[{"href":"https:\/\/importcruz.com\/index.php\/wp-json\/wp\/v2\/product\/5206"}],"collection":[{"href":"https:\/\/importcruz.com\/index.php\/wp-json\/wp\/v2\/product"}],"about":[{"href":"https:\/\/importcruz.com\/index.php\/wp-json\/wp\/v2\/types\/product"}],"wp:featuredmedia":[{"embeddable":true,"href":"https:\/\/importcruz.com\/index.php\/wp-json\/wp\/v2\/media\/5207"}],"wp:attachment":[{"href":"https:\/\/importcruz.com\/index.php\/wp-json\/wp\/v2\/media?parent=5206"}],"wp:term":[{"taxonomy":"brand","embeddable":true,"href":"https:\/\/importcruz.com\/index.php\/wp-json\/wp\/v2\/etheme_brands?post=5206"},{"taxonomy":"product_cat","embeddable":true,"href":"https:\/\/importcruz.com\/index.php\/wp-json\/wp\/v2\/product_cat?post=5206"},{"taxonomy":"product_tag","embeddable":true,"href":"https:\/\/importcruz.com\/index.php\/wp-json\/wp\/v2\/product_tag?post=5206"}],"curies":[{"name":"wp","href":"https:\/\/api.w.org\/{rel}","templated":true}]}}