{"id":5183,"date":"2022-09-15T01:50:52","date_gmt":"2022-09-15T01:50:52","guid":{"rendered":"https:\/\/importcruz.com\/?post_type=product&#038;p=5183"},"modified":"2023-01-09T08:05:47","modified_gmt":"2023-01-09T13:05:47","slug":"hdf1-db2a","status":"publish","type":"product","link":"https:\/\/importcruz.com\/index.php\/product\/hdf1-db2a\/","title":{"rendered":"HDF1-DB2A"},"content":{"rendered":"<p>Tienen el Eje de acero m\u00e1s duradero para conexi\u00f3n de los diafragmas \/ Livianas y port\u00e1tiles V\u00e1lvula de Aire ESADS para limpieza externa y r\u00e1pida \/ Descarga inferior que da una superior altura de succi\u00f3n \/ V\u00e1lvulas de Retenci\u00f3n de <strong>Flap<\/strong>etas o <strong>Mariposas<\/strong> de paso de s\u00f3lidos desde 1\u201d hasta 3\u201d de di\u00e1metro \/ Fijadas completamente con pernos \/ Conexiones din\u00e1micas-rotaci\u00f3n de los brazos o m\u00faltiples\/ Cebado en seco superior de hasta 7m de agua \/ Certificaciones Atex a prueba de atm\u00f3sferas explosivas<\/p>\n","protected":false},"excerpt":{"rendered":"<p><a href=\"https:\/\/importcruz.com\/wp-content\/uploads\/2022\/09\/DESCARGAR_Sandpiper_HDF1-Alum-Buna.pdf\">DESCARGAR_Sandpiper_HDF1 Alum-Buna<\/a><\/p>\n<p>Son bombas ideales para uso intensivo con lechadas abrasivas y s\u00f3lidos grandes del tama\u00f1o de la tuber\u00eda que pueden ser s\u00f3lidos suspendidos y no suspendidos.<\/p>\n<p>Las bombas HDF est\u00e1n configuradas con puertos de descarga inferior. Se fabrican con paredes gruesas de aluminio moldeado en arena, hierro fundido y acero inoxidable con diafragmas (y <strong>flap<\/strong>etas) de Neopreno, Nitrilo, Santopreno y Tefl\u00f3n; y est\u00e1n mejoradas con un Kit b\u00e1sico que reduce el desgaste de los componentes.<\/p>\n","protected":false},"featured_media":5184,"template":"","meta":{"_joinchat":[]},"etheme_brands":[{"term_id":50,"name":"Bombas Metalicas Heavy Duty","slug":"bombas-metalicas-heavy-duty","term_group":0,"term_taxonomy_id":50,"taxonomy":"brand","description":"","parent":37,"count":8,"filter":"raw"},{"term_id":37,"name":"SANDPIPER","slug":"sandpiper","term_group":0,"term_taxonomy_id":37,"taxonomy":"brand","description":"","parent":0,"count":28,"filter":"raw"}],"product_cat":[36],"product_tag":[],"class_list":["post-5183","product","type-product","status-publish","has-post-thumbnail","hentry","brand-bombas-metalicas-heavy-duty","brand-sandpiper","product_cat-sandpiper"],"_links":{"self":[{"href":"https:\/\/importcruz.com\/index.php\/wp-json\/wp\/v2\/product\/5183"}],"collection":[{"href":"https:\/\/importcruz.com\/index.php\/wp-json\/wp\/v2\/product"}],"about":[{"href":"https:\/\/importcruz.com\/index.php\/wp-json\/wp\/v2\/types\/product"}],"wp:featuredmedia":[{"embeddable":true,"href":"https:\/\/importcruz.com\/index.php\/wp-json\/wp\/v2\/media\/5184"}],"wp:attachment":[{"href":"https:\/\/importcruz.com\/index.php\/wp-json\/wp\/v2\/media?parent=5183"}],"wp:term":[{"taxonomy":"brand","embeddable":true,"href":"https:\/\/importcruz.com\/index.php\/wp-json\/wp\/v2\/etheme_brands?post=5183"},{"taxonomy":"product_cat","embeddable":true,"href":"https:\/\/importcruz.com\/index.php\/wp-json\/wp\/v2\/product_cat?post=5183"},{"taxonomy":"product_tag","embeddable":true,"href":"https:\/\/importcruz.com\/index.php\/wp-json\/wp\/v2\/product_tag?post=5183"}],"curies":[{"name":"wp","href":"https:\/\/api.w.org\/{rel}","templated":true}]}}